{"id":91,"date":"2018-10-02T20:46:13","date_gmt":"2018-10-02T18:46:13","guid":{"rendered":"http:\/\/www.whatsbold.com\/clients\/hiko\/?page_id=91"},"modified":"2018-11-06T21:32:11","modified_gmt":"2018-11-06T20:32:11","slug":"start-sk","status":"publish","type":"page","link":"https:\/\/www.dt-ds-historikerkommission.de\/sk\/","title":{"rendered":"Start (sk)"},"content":{"rendered":"<ul class=\"home-lng-links\">\n<li><a title=\"Deutsch-Tschechische und Deutsch-Slowakische Historikerkommission\" href=\"\/de\/kommission\/\" rel=\"home\">Deutsch-Tschechische<br \/>\nund Deutsch-Slowakische<br \/>\nHistorikerkommission <span class=\"arrow\">\u00bb<\/span><\/a><\/li>\n<li><a title=\"\u010cesko-n\u011bmeck\u00e1 a Slovensko-n\u011bmeck\u00e1 komise historik\u016f\" href=\"\/cs\/komise\/\" rel=\"home\">\u010cesko-n\u011bmeck\u00e1<br \/>\na Slovensko-n\u011bmeck\u00e1<br \/>\nkomise historik\u016f <span class=\"arrow\">\u00bb<\/span><\/a><\/li>\n<li><a title=\"Nemecko-\u010desk\u00e1 a Nemecko-slovensk\u00e1 komisia historikov\" href=\"\/sk\/komisie\/\" rel=\"home\">\u010cesko-nemeck\u00e1<br \/>\na Slovensko-nemeck\u00e1<br \/>\nkomisia historikov <span class=\"arrow\">\u00bb<\/span><\/a><\/li>\n<\/ul>\n","protected":false},"excerpt":{"rendered":"<p>Deutsch-Tschechische und Deutsch-Slowakische Historikerkommission \u00bb \u010cesko-n\u011bmeck\u00e1 a Slovensko-n\u011bmeck\u00e1 komise historik\u016f \u00bb \u010cesko-nemeck\u00e1 a Slovensko-nemeck\u00e1 komisia historikov \u00bb<\/p>\n","protected":false},"author":1,"featured_media":0,"parent":0,"menu_order":0,"comment_status":"closed","ping_status":"open","template":"template-home.php","meta":{"footnotes":""},"class_list":["post-91","page","type-page","status-publish","hentry"],"_links":{"self":[{"href":"https:\/\/www.dt-ds-historikerkommission.de\/sk\/wp-json\/wp\/v2\/pages\/91","targetHints":{"allow":["GET"]}}],"collection":[{"href":"https:\/\/www.dt-ds-historikerkommission.de\/sk\/wp-json\/wp\/v2\/pages"}],"about":[{"href":"https:\/\/www.dt-ds-historikerkommission.de\/sk\/wp-json\/wp\/v2\/types\/page"}],"author":[{"embeddable":true,"href":"https:\/\/www.dt-ds-historikerkommission.de\/sk\/wp-json\/wp\/v2\/users\/1"}],"replies":[{"embeddable":true,"href":"https:\/\/www.dt-ds-historikerkommission.de\/sk\/wp-json\/wp\/v2\/comments?post=91"}],"version-history":[{"count":7,"href":"https:\/\/www.dt-ds-historikerkommission.de\/sk\/wp-json\/wp\/v2\/pages\/91\/revisions"}],"predecessor-version":[{"id":425,"href":"https:\/\/www.dt-ds-historikerkommission.de\/sk\/wp-json\/wp\/v2\/pages\/91\/revisions\/425"}],"wp:attachment":[{"href":"https:\/\/www.dt-ds-historikerkommission.de\/sk\/wp-json\/wp\/v2\/media?parent=91"}],"curies":[{"name":"wp","href":"https:\/\/api.w.org\/{rel}","templated":true}]}}

<ul class="home-lng-links">
<li><a title="Deutsch-Tschechische und Deutsch-Slowakische Historikerkommission" href="/de/kommission/" rel="home">Deutsch-Tschechische<br />
und Deutsch-Slowakische<br />
Historikerkommission <span class="arrow">»</span></a></li>
<li><a title="Česko-německá a Slovensko-německá komise historiků" href="/cs/komise/" rel="home">Česko-německá<br />
a Slovensko-německá<br />
komise historiků <span class="arrow">»</span></a></li>
<li><a title="Nemecko-česká a Nemecko-slovenská komisia historikov" href="/sk/komisie/" rel="home">Česko-nemecká<br />
a Slovensko-nemecká<br />
komisia historikov <span class="arrow">»</span></a></li>
</ul>

<p>Deutsch-Tschechische und Deutsch-Slowakische Historikerkommission » Česko-německá a Slovensko-německá komise historiků » Česko-nemecká a Slovensko-nemecká komisia historikov »</p>
